the remainder when -21*(0 + -1 + q) is divided by 21*6/27 - 16/(-12)?
3
Suppose 55 = 17*v + 4. Let r be 0 + (-1)/(1/(-160)). Suppose -c + v*a = -40, 5*c + 2*a - r = c. Calculate the remainder when c is divided by 11.
7
Let x = 40 + -12. Let c(m) = -m**3 - 5*m**2 - 7*m - 4. Let u(b) = -4*b. Let t be u(1). Calculate the remainder when x is divided by c(t).
4
Let d = 42 + -39. Suppose -d*u = -42 - 201. Calculate the remainder when u is divided by 21.
18
Suppose 0*o - 4*o + 4*c = -12, 25 = -5*c. Suppose -4*l - 7 = -63. What is the remainder when ((-6)/o)/(0 + 2/46) is divided by l?
13
Suppose 7 = 5*o - 13. Suppose 6*f - 6 = 3*f. Suppose f*m + 5 = 31. What is the remainder when m is divided by o?
1
Suppose -120 = 7*v - 3*v. Calculate the remainder when 70 is divided by (25/(-3))/(10/v).
20
Suppose -3*j = -2*j - 13. Suppose 25 = 2*s - j. Suppose 0 = 4*t + 3*k - 168, 172 = 5*t + 43*k - 44*k. Calculate the remainder when t is divided by s.
17
Let d be 3 + -20 + (-3)/1. Let y = 33 + d. Suppose 0 = -4*c + 4, -13*c + 18*c + 67 = 2*r. What is the remainder when r is divided by y?
10
Let g(w) = -w**2 + 15*w + 26. Calculate the remainder when 96 is divided by g(15).
18
Let x(z) = z - 1. Let b(c) = -c**3 - 9*c**2 + 6*c + 12. Let t(y) = -b(y) - x(y). Calculate the remainder when t(-9) is divided by ((-1)/(-2))/(1/36).
16
Suppose -2*w - 2104 = -2*u, 4*u - 1055 = 3*u + 2*w. Calculate the remainder when u is divided by 27.
23
Let n be ((-8)/(-20))/((-3)/15). Let x(r) = -r - 1. Let v be x(n). What is the remainder when v/(-6) - (-76)/24 is divided by 3?
0
Suppose -2*s - 4*m = -5*m - 31, -2*s + 34 = -4*m. Let r be 422/10 - s/75. Suppose -5*i = -3*i - r. What is the remainder when 81 is divided by i?
18
Let f(v) = v + 2. Let c be f(5). Suppose 3*m - 4 = -c. Calculate the remainder when 24 is divided by m + (-22 - -2)/(-2).
6
What is the remainder when 12/42 + (-118)/(-28)*8 is divided by 19?
15
Let y(f) = -f**2 - f + 7. Let r be y(-3). What is the remainder when (r/2)/((-2)/(-212)) is divided by 11?
9
Suppose -2*r + 166 = 3*m, 3*r + 2*m - 301 = -42. Suppose -5*d = -n + 5, -5*d + 58 = 5*n - 117. What is the remainder when r is divided by n?
29
Let n(u) = -u**3 + 20*u**2 + 2*u - 17. Calculate the remainder when 64 is divided by n(20).
18
Let i(h) = 22*h**3 - 2*h**2 + 6*h. Calculate the remainder when i(2) is divided by 23.
19
Suppose -2*w + 3*d = -319 - 17, -2*d - 494 = -3*w. Calculate the remainder when w is divided by 66.
30
Let s(t) be the first derivative of t**4/4 + 4*t**3/3 + t**2/2 + 3*t - 1. Let k(z) = 19*z + 61. What is the remainder when s(-3) is divided by k(-3)?
1
Let q(g) = -g**2 + 4*g + 1. Let b(n) = 2*n**2 - 3*n - 1. Let t(p) = 3*b(p) + 4*q(p). Calculate the remainder when t(-6) is divided by 19.
12
Let h = -946 + -762. What is the remainder when 69 is divided by h/(-70) - 4/10?
21
Let t(f) = -f**3 - 12*f**2 - 12*f - 10. Let a be t(-11). What is the remainder when 210 is divided by (-4 - (-8 + 4)) + 53*a?
51
Let s(w) = -11*w + 1. Let x be s(1). Let h = 40 + x. Calculate the remainder when h is divided by (1 - 2)/((-2)/32).
14
Suppose -14*c - 10*c = -936. Suppose -5*a = -34 - 16. Calculate the remainder when c is divided by a.
9
Let b be (-34)/(12/(-8) - -1). Let s = -43 + b. Let m = 41 - s. Calculate the remainder when 110 is divided by m.
14
Let o = -704 - -1008. What is the remainder when o is divided by 77?
73
Suppose -11*g = -0*g - 6512. What is the remainder when g is divided by 75?
67
Let l = 379 - 375. Calculate the remainder when 8 is divided by l.
0
Let m = -486 - -510. Calculate the remainder when 187 is divided by m.
19
Suppose 0 = -5*i - 21 + 131. What is the remainder when i is divided by 5?
2
Suppose -18*u + 35*u = 27 + 109. Let m(h) = -h**3 - 5*h**2 + 7*h + 6. Let i be m(-5). Let g = 51 + i. Calculate the remainder when g is divided by u.
6
Suppose -m - 3*t + 37 = 0, -71*t + 75*t = -2*m + 66. Calculate the remainder when 69 is divided by m.
19
Suppose -m + 4*m - 15 = 0. Let x(h) = h + 5. Calculate the remainder when (117/(-12))/((-2)/8) is divided by x(m).
9
Suppose 0 = 3*n - 0*i - 2*i - 22, -5*i = -5. What is the remainder when 30 is divided by n?
6
Suppose 3*q - 126 = 114. What is the remainder when 294 is divided by q?
54
Let a(m) = 2*m**2 + 27*m + 8. Let p be a(-14). Calculate the remainder when 14 is divided by (-4)/p + (-228)/(-44).
4
Suppose 0*w + 15*w - 1065 = 0. Calculate the remainder when w is divided by 22.
5
Let i = -3559 - -3632. Calculate the remainder when i is divided by (-17 + 2)*5/(-3).
23
Let b = 44 - 47. Let c = b + 24. What is the remainder when c is divided by ((-3)/(-1))/((-1)/(-2))?
3
Suppose 2*q + 4*p - 4 = 12, p = q - 20. Suppose c = q*c - 495. What is the remainder when c is divided by 19?
14
Suppose 5*d - 4*n = 871 + 382, n + 756 = 3*d. What is the remainder when d is divided by 16?
13
Suppose v - 2*h - 53 = 0, 56 = v - 7*h + 2*h. Suppose o - 57 = -v. What is the remainder when 40 is divided by o?
4
Suppose 21*o - 23*o = 5*a - 134, -2*o + a = -110. What is the remainder when 204 is divided by o?
33
Suppose 0 = 2*z - 7*z. Suppose z = -4*n - 3*t - 0*t + 85, -n = 5*t - 17. What is the remainder when n is divided by 12?
10
Let x(l) = l**3 - 11*l**2 + 18*l + 10. What is the remainder when 47 is divided by x(9)?
7
Let m = 0 - 16. Let s = m - -32. Calculate the remainder when 29 is divided by s.
13
Let n(a) = -a**3 + a**2 + 11. Let q = -139 + 154. Calculate the remainder when q is divided by n(0).
4
Let j(l) = -2*l + 19. Let d be j(11). What is the remainder when 20 + -2*(d + 2) is divided by 12?
10
Suppose -5*v = 3*o - 23, 0 = v - 5*v + 3*o + 40. Let y(n) = 10*n - 7. Calculate the remainder when y(2) is divided by v.
6
Let t(m) = m**3 + 11*m**2 - 17*m - 3. Let z be t(-12). Let r be (-6)/(-2) + (z - 0). What is the remainder when (r/(-16))/(9/(-60)) is divided by 13?
12
Let l(t) = -t**3 - 4*t**2 + 18*t - 2. What is the remainder when 48 is divided by l(-7)?
10
What is the remainder when 62 is divided by (-52)/(-208) + 35/4?
8
Let q = -543 + 557. Calculate the remainder when 95 is divided by q.
11
Let c(f) = 2*f + 1. Let l be c(-2). Suppose w - 20 + 22 = 0. Calculate the remainder when (l - w)*(-29)/1 is divided by 15.
14
Suppose 0*x + 3*x - 27 = 0. Let i(t) = t**3 + 9*t**2 + 12*t + 7. Let k be i(-7). Suppose -24*p + 51 = -k*p. What is the remainder when p is divided by x?
8
Let l be 10/4*102/85. Suppose -2*w - 4*i = -w + l, 0 = -2*w - i + 1. Calculate the remainder when 3 is divided by w.
0
Let b be (-47)/(-9) + 2/(-9). What is the remainder when (86/3 - 2) + (-2)/(-6) is divided by 2/b - (-146)/10?
12
Let k(n) = -41. Let r(w) = -2*w + 40. Let h(u) = -4*k(u) - 6*r(u). Calculate the remainder when 21 is divided by h(7).
5
Suppose q + 2*g + 7 = 0, 4*g + 10 = -3*q - 1. Let d(n) = -n**3 + 2*n**2 + n - 3. Let r be d(q). What is the remainder when 75 is divided by -57*(2 + 21/r)?
18
Suppose -5*i - 88 = -x, 23*i + 174 = 3*x + 26*i. Calculate the remainder when 71 is divided by x.
8
Suppose -209*m + 90 = -199*m. Calculate the remainder when 237 is divided by m.
3
Suppose 0 = 4*j - 20, -3*j + j = -2*k - 10. Let b = k - -4. Suppose 26*i - 43*i + 68 = 0. Calculate the remainder when i is divided by b.
0
Let c be (-10)/(-45) + (-25)/(-9). Suppose c*a = 50 - 8. Suppose -2 = 2*z - a. Calculate the remainder when z is divided by 4.
2
Let x(v) = 262*v - 231. What is the remainder when x(2) is divided by 26?
7
Suppose 4*h = 4*t - 78 - 98, 5*t - 3*h - 226 = 0. Calculate the remainder when 796 is divided by t.
44
Suppose 4*i = -4*f + 20, 5*f = -6*i + 2*i + 21. Suppose i*l = 12*l - 80. Calculate the remainder when (36*-1)/(-2) + -1 is divided by l.
7
Suppose -b = -5 + 2. Suppose 2*k = b + 1. Calculate the remainder when k is divided by 1.
0
Let m = 2164 + -1983. Suppose 0 = 4*v - 81 - 103. Calculate the remainder when m is divided by v.
43
Suppose -320 = -25*o + 9*o. Calculate the remainder when o is divided by 11.
9
Suppose 3*s = -2*o + 53, 8 = -0*o + 2*o. Suppose 26 - s = g. Calculate the remainder when 50/4*24/10 is divided by g.
8
Let t be ((-2)/5)/(4/(-10)). Let o = 53 + t. What is the remainder when o is divided by 14?
12
Let n be 9 - (-4 + (-1 - -4))*2. Let m(c) = c**2 - 11*c + 2. Calculate the remainder when 17 is divided 